{"id":129,"date":"2021-01-19T11:33:14","date_gmt":"2021-01-19T10:33:14","guid":{"rendered":"https:\/\/www.mc40.eu\/?page_id=129"},"modified":"2021-01-19T15:35:30","modified_gmt":"2021-01-19T14:35:30","slug":"energieforum-karnten","status":"publish","type":"page","link":"https:\/\/www.mc40.eu\/index.php\/partner\/energieforum-karnten\/","title":{"rendered":"Energieforum K\u00e4rnten"},"content":{"rendered":"<p><img loading=\"lazy\" decoding=\"async\" class=\"alignnone  wp-image-176\" src=\"https:\/\/www.mc40.eu\/wp-content\/uploads\/2021\/01\/logo-Energie-Forum.jpg\" alt=\"\" width=\"166\" height=\"82\" \/><\/p>\n<p>Energieforum K\u00e4rnten \u00e8 un\u2019associazione composta da persone e aziende che sono coinvolte nel campo della costruzione e ristrutturazione ecologica, delle energie rinnovabili, del risparmio energetico, della mobilit\u00e0, della ristrutturazione di vecchi edifici. Energieforum K\u00e4rnten si definisce piattaforma per la sostenibilit\u00e0 ed \u00e8, inoltre, una piattaforma di informazione che cerca di raggiungere e motivare alla sostenibilit\u00e0 e all\u2019economia circolare. Per raggiungere il maggior numero possibile di persone e imprese vengono pianificate numerose attivit\u00e0 come eventi di marketing, partecipazioni a fiere o eventi informativi.<\/p>\n<p>Energieforum K\u00e4rnten \u00e8 in rete con molte associazioni, organizzazioni per la sostenibilit\u00e0 e istituzioni educative. Questa rete \u00e8 molto importante in Carinzia soprattutto per l&#8217;organizzazione delle giornate della sostenibilit\u00e0.<\/p>\n<p>Tra i diversi progetti del Forum appare molto rilevante per il Progetto il \u201cK\u00e4rntenHaus 4.0\u201d, un concetto per la costruzione di case unifamiliari, sviluppato dagli esperti dell\u2019Energieforum. \u00c8 basato su tre fattori chiave: a) la garanzia di qualit\u00e0: chi acquista una K\u00e4rntenHaus 4.0 acquista una casa di alta qualit\u00e0 costruita secondo i criteri dell\u2019Energieforum; b) le aziende partecipanti sono rinomate e certificate dall\u2019 Energieforum K\u00e4rnten. Il valore aggiunto regionale \u00e8 l\u2019anima dell\u2019iniziativa: le aziende di tutti i distretti della Carinzia sono coinvolte in questo progetto; c) gli esperti dell\u2019Energieforum accompagnano ogni progetto durante la sua realizzazione.<\/p>\n<p>Energieforum nella sua posizione di centro di expertise per lo SMART LIVING rappresenter\u00e0 un potente volano per la nascita degli MC DEA CENTER in Carinzia e per la disseminazione e lo sfruttamento dei risultati del progetto nell\u2019ambito delle PMI del territorio.<\/p>\n","protected":false},"excerpt":{"rendered":"<p>Energieforum K\u00e4rnten \u00e8 un\u2019associazione composta da persone e aziende che sono coinvolte nel campo della costruzione e ristrutturazione ecologica, delle energie rinnovabili, del risparmio energetico, della mobilit\u00e0, della ristrutturazione di &#8230; <a title=\"Energieforum K\u00e4rnten\" class=\"read-more\" href=\"https:\/\/www.mc40.eu\/index.php\/partner\/energieforum-karnten\/\" aria-label=\"Read more about Energieforum K\u00e4rnten\">Read more<\/a><\/p>\n","protected":false},"author":3,"featured_media":0,"parent":85,"menu_order":0,"comment_status":"closed","ping_status":"closed","template":"","meta":{"footnotes":""},"class_list":["post-129","page","type-page","status-publish"],"_links":{"self":[{"href":"https:\/\/www.mc40.eu\/index.php\/wp-json\/wp\/v2\/pages\/129","targetHints":{"allow":["GET"]}}],"collection":[{"href":"https:\/\/www.mc40.eu\/index.php\/wp-json\/wp\/v2\/pages"}],"about":[{"href":"https:\/\/www.mc40.eu\/index.php\/wp-json\/wp\/v2\/types\/page"}],"author":[{"embeddable":true,"href":"https:\/\/www.mc40.eu\/index.php\/wp-json\/wp\/v2\/users\/3"}],"replies":[{"embeddable":true,"href":"https:\/\/www.mc40.eu\/index.php\/wp-json\/wp\/v2\/comments?post=129"}],"version-history":[{"count":4,"href":"https:\/\/www.mc40.eu\/index.php\/wp-json\/wp\/v2\/pages\/129\/revisions"}],"predecessor-version":[{"id":177,"href":"https:\/\/www.mc40.eu\/index.php\/wp-json\/wp\/v2\/pages\/129\/revisions\/177"}],"up":[{"embeddable":true,"href":"https:\/\/www.mc40.eu\/index.php\/wp-json\/wp\/v2\/pages\/85"}],"wp:attachment":[{"href":"https:\/\/www.mc40.eu\/index.php\/wp-json\/wp\/v2\/media?parent=129"}],"curies":[{"name":"wp","href":"https:\/\/api.w.org\/{rel}","templated":true}]}}

Energieforum Kärnten

<p><img loading="lazy" decoding="async" class="alignnone  wp-image-176" src="https://www.mc40.eu/wp-content/uploads/2021/01/logo-Energie-Forum.jpg" alt="" width="166" height="82" /></p>
<p>Energieforum Kärnten è un’associazione composta da persone e aziende che sono coinvolte nel campo della costruzione e ristrutturazione ecologica, delle energie rinnovabili, del risparmio energetico, della mobilità, della ristrutturazione di vecchi edifici. Energieforum Kärnten si definisce piattaforma per la sostenibilità ed è, inoltre, una piattaforma di informazione che cerca di raggiungere e motivare alla sostenibilità e all’economia circolare. Per raggiungere il maggior numero possibile di persone e imprese vengono pianificate numerose attività come eventi di marketing, partecipazioni a fiere o eventi informativi.</p>
<p>Energieforum Kärnten è in rete con molte associazioni, organizzazioni per la sostenibilità e istituzioni educative. Questa rete è molto importante in Carinzia soprattutto per l&#8217;organizzazione delle giornate della sostenibilità.</p>
<p>Tra i diversi progetti del Forum appare molto rilevante per il Progetto il “KärntenHaus 4.0”, un concetto per la costruzione di case unifamiliari, sviluppato dagli esperti dell’Energieforum. È basato su tre fattori chiave: a) la garanzia di qualità: chi acquista una KärntenHaus 4.0 acquista una casa di alta qualità costruita secondo i criteri dell’Energieforum; b) le aziende partecipanti sono rinomate e certificate dall’ Energieforum Kärnten. Il valore aggiunto regionale è l’anima dell’iniziativa: le aziende di tutti i distretti della Carinzia sono coinvolte in questo progetto; c) gli esperti dell’Energieforum accompagnano ogni progetto durante la sua realizzazione.</p>
<p>Energieforum nella sua posizione di centro di expertise per lo SMART LIVING rappresenterà un potente volano per la nascita degli MC DEA CENTER in Carinzia e per la disseminazione e lo sfruttamento dei risultati del progetto nell’ambito delle PMI del territorio.</p>

<p>Energieforum Kärnten è un’associazione composta da persone e aziende che sono coinvolte nel campo della costruzione e ristrutturazione ecologica, delle energie rinnovabili, del risparmio energetico, della mobilità, della ristrutturazione di &#8230; <a title="Energieforum Kärnten" class="read-more" href="https://www.mc40.eu/index.php/partner/energieforum-karnten/" aria-label="Read more about Energieforum Kärnten">Read more</a></p>
