{"id":134,"date":"2021-01-19T11:36:19","date_gmt":"2021-01-19T10:36:19","guid":{"rendered":"https:\/\/www.mc40.eu\/?page_id=134"},"modified":"2021-01-19T11:37:44","modified_gmt":"2021-01-19T10:37:44","slug":"roen-est-spa","status":"publish","type":"page","link":"https:\/\/www.mc40.eu\/index.php\/partner\/roen-est-spa\/","title":{"rendered":"ROEN EST SPA"},"content":{"rendered":"<p><img loading=\"lazy\" decoding=\"async\" class=\"alignnone wp-image-136\" src=\"https:\/\/www.mc40.eu\/wp-content\/uploads\/2021\/01\/roenest_logo-300x102.png\" alt=\"\" width=\"168\" height=\"57\" srcset=\"https:\/\/www.mc40.eu\/wp-content\/uploads\/2021\/01\/roenest_logo-300x102.png 300w, https:\/\/www.mc40.eu\/wp-content\/uploads\/2021\/01\/roenest_logo-768x261.png 768w, https:\/\/www.mc40.eu\/wp-content\/uploads\/2021\/01\/roenest_logo.png 824w\" sizes=\"auto, (max-width: 168px) 100vw, 168px\" \/><\/p>\n<p>L&#8217;azienda ha un organico di 170 persone di cui 43 impiegati, oltre a 3 amministratori operativi. Gestisce normalmente progetti ed investimenti per oltre il 5% del proprio fatturato annuo di circa 22 milioni di euro. La necessit\u00e0 finanziaria richiesta dal progetto in oggetto \u00e8, pertanto, marginale rispetto alla mole complessiva annua di investimenti sostenuti dall&#8217;azienda. La struttura \u00e8 normalmente abituata a seguire progetti di sviluppo, sia organizzativi che di prodotto, che coinvolgono pi\u00f9 unit\u00e0 organizzative a livello internazionale.<\/p>\n<p>Dal punto di vista della capacit\u00e0 operativa Roen Est fa progettazione e produzione di scambiatori di calore, un componente cruciale nei sistemi di climatizzazione. Gestisce in modo efficiente prodotti in elevata variet\u00e0\/personalizzazione, con la possibilit\u00e0 di personalizzazione di svariate caratteristiche, operando in un mercato molto competitivo con uno stabilimento in Italia ed uno in Slovacchia. In particolare, ha raggiunto un elevato livello di mass customization ed \u00e8 dotata di un management in grado di integrare competenze tecnologiche, manageriali e psicologiche che riesce a considerare il problema della trasformazione di un sistema produttivo allargato, valutando sia il comportamento delle persone, sia i vincoli e le opportunit\u00e0 tecnologiche, sia la necessit\u00e0 di operare dentro sistemi di governo che diano stabilit\u00e0 all\u2019azienda.<\/p>\n<p>ROEN EST \u00e8 molto interessata a portare le proprie esperienze nello scambio di conoscenze sulle tecniche di sviluppo dei configuratori commerciali e agli approfondimenti delle interdipendenze fra le leve della Mass Customization e l\u2019idoneit\u00e0 all\u2019adozione di funzionalit\u00e0 di configurazione avanzate.<\/p>\n<p>La sua esperienza maturata nel passaggio da configurazione su carta a configuratore SW risulter\u00e0 preziosa nella definizione dei profili di competenze tecnico-manageriali di USER INTERFACE EXPERT FOR CONFIGURATORS e CONFIGURATION MANAGER.<\/p>\n","protected":false},"excerpt":{"rendered":"<p>L&#8217;azienda ha un organico di 170 persone di cui 43 impiegati, oltre a 3 amministratori operativi. Gestisce normalmente progetti ed investimenti per oltre il 5% del proprio fatturato annuo di &#8230; <a title=\"ROEN EST SPA\" class=\"read-more\" href=\"https:\/\/www.mc40.eu\/index.php\/partner\/roen-est-spa\/\" aria-label=\"Read more about ROEN EST SPA\">Read more<\/a><\/p>\n","protected":false},"author":3,"featured_media":0,"parent":85,"menu_order":0,"comment_status":"closed","ping_status":"closed","template":"","meta":{"footnotes":""},"class_list":["post-134","page","type-page","status-publish"],"_links":{"self":[{"href":"https:\/\/www.mc40.eu\/index.php\/wp-json\/wp\/v2\/pages\/134","targetHints":{"allow":["GET"]}}],"collection":[{"href":"https:\/\/www.mc40.eu\/index.php\/wp-json\/wp\/v2\/pages"}],"about":[{"href":"https:\/\/www.mc40.eu\/index.php\/wp-json\/wp\/v2\/types\/page"}],"author":[{"embeddable":true,"href":"https:\/\/www.mc40.eu\/index.php\/wp-json\/wp\/v2\/users\/3"}],"replies":[{"embeddable":true,"href":"https:\/\/www.mc40.eu\/index.php\/wp-json\/wp\/v2\/comments?post=134"}],"version-history":[{"count":2,"href":"https:\/\/www.mc40.eu\/index.php\/wp-json\/wp\/v2\/pages\/134\/revisions"}],"predecessor-version":[{"id":137,"href":"https:\/\/www.mc40.eu\/index.php\/wp-json\/wp\/v2\/pages\/134\/revisions\/137"}],"up":[{"embeddable":true,"href":"https:\/\/www.mc40.eu\/index.php\/wp-json\/wp\/v2\/pages\/85"}],"wp:attachment":[{"href":"https:\/\/www.mc40.eu\/index.php\/wp-json\/wp\/v2\/media?parent=134"}],"curies":[{"name":"wp","href":"https:\/\/api.w.org\/{rel}","templated":true}]}}