{"id":163,"date":"2021-01-19T14:42:08","date_gmt":"2021-01-19T13:42:08","guid":{"rendered":"https:\/\/www.mc40.eu\/?page_id=163"},"modified":"2023-04-21T00:42:24","modified_gmt":"2023-04-20T22:42:24","slug":"risultati-del-progetto","status":"publish","type":"page","link":"https:\/\/www.mc40.eu\/index.php\/il-progetto\/risultati-del-progetto\/","title":{"rendered":"Risultati attesi"},"content":{"rendered":"<p>I principali risultati del Progetto sono elencati di sotto con l\u2019indicazione se gi\u00e0 disponibili o del periodo in cui saranno realizzati. I risultati costituiti da studi e ricerche saranno resi disponibili nell&#8217;area download, per gli strumenti informatici saranno presenti i link, delle organizzazioni vengono forniti riferimenti di contatto.<\/p>\n<h2><strong>CENTRI DI COMPETENZE E RETI DI ORGANIZZAZIONI<\/strong><\/h2>\n<p><strong>MC 4.0 DEA Center (Demonstration and Application Centers)<\/strong><\/p>\n<p>Gestiti da Apindustria a Vicenza e da Energieforum in Carinzia. Si tratta di centri di competenze per l\u2019assistenza alle PMI dello smart living che intendono migliorare la loro capacit\u00e0 di dare risposte personalizzate ai clienti ricorrendo in particolare all\u2019utilizzo del configuratore di prodotto. Detto strumento consente infatti di predefinire le opzioni di personalizzazione di un prodotto\/soluzione riducendone i costi a livello commerciale e produttivo, mantenendone la qualit\u00e0, e cos\u00ec sfruttando appieno il potenziale di creativit\u00e0 e innovativit\u00e0 di cui le PMI sono capaci e il settore ha bisogno. Gli obiettivi dei DEA Center sono:<\/p>\n<p>&#8211; elevare il livello di conoscenza delle PMI venete dell\u2019area di programma (VI,TV, BL) in tema MC 4.0<\/p>\n<p>&#8211; assistere le PMI nell\u2019uso di strumenti MC 4.0 per una maggior competitivit\u00e0<\/p>\n<p>&#8211; aiutare le PMI ad accedere a finanziamenti per l\u2019implementazione degli strumenti MC 4.0<\/p>\n<p>I DEA Center, sono luoghi ove valutare il livello di preparazione delle PMI all\u2019uso di configuratori MC 4.0 avanzati nel settore dello SMART LIVING e promuovere azioni di capacity building per rafforzare il rapporto dei MC 4.0 DEA CENTER con le PMI del tessuto locale attraverso servizi per l\u2019innovazione MC 4.0.<\/p>\n<p><strong>\u201cCARTA DI FUNZIONAMENTO\u201d, dei due Cluster MC 4.0, sorti attorno ai due DEA CENTER di Vicenza e Klagenfurt<br \/>\n<\/strong><\/p>\n<p>La formalizzazione dei due CLUSTER MC 4.0 con sede a Vicenza e Klagenfurt, attraverso la condivisione di uno stesso modello di cluster, sia pure con caratterizzazioni diverse, costituisce un punto importantissimo nell\u2019evoluzione dei due MC 4.0 DEA CENTER. La formalizzazione si concretizza attraverso la definizione e divulgazione della CARTA DI FUNZIONAMENTO del CLUSTER, che viene sviluppata congiuntamente dallo staff del DEA CENTER di Vicenza e KLAGENFURT. Essa contiene gli obiettivi e le principali modalit\u00e0 di funzionamento del Cluster, la ROAD MAP che ogni cluster si prefigge per il raggiungimento delle finalit\u00e0 costitutive.<\/p>\n<p><strong>Rete transfrontaliera MC 4.0<br \/>\n<\/strong><\/p>\n<p>Verr\u00e0 formalizzato un network transfrontaliero MC 4.0 fra MC 4.0 DEA CENTER e tra DEA CENTER e stakeholder interessati, con lo scopo di sviluppare conoscenze ed opportunit\u00e0 imprenditoriali MC 4.0<\/p>\n<h2><strong>STRUMENTI PER LA MASS CUSTOMIZATION<\/strong><\/h2>\n<p><strong>Piattaforma online MASS CUSTOMIZATION 4.0<br \/>\n<\/strong><\/p>\n<p>La piattaforma MASS CUSTOMIZATION 4.0, accessibile nella parte pubblica del sito di progetto, rappresenta uno strumento di scambio e condivisione tra le PMI sul tema della MASS CUSTOMIZATION con la possibilit\u00e0 di: utilizzare gratuitamente i Dimostratori e Configuratori MC 4.0 per lo Smart living, (sistema di climatizzazione e dotazione domotica). Essa contribuir\u00e0 anche a far crescere competenze attraverso percorsi qualificati su MC 4.0 e far conoscere ricercatori ed esperti di MC 4.0.<\/p>\n<p><strong>2 DIMOSTRATORI sviluppati rispettivamente dal partner italiano ROEN EST SPA e da quello austriaco Energieforum K\u00e4rnten<br \/>\n<\/strong><\/p>\n<p>Lo strumento DIMOSTRATORE sar\u00e0 basato principalmente su video messo a disposizione sulla piattaforma MC 4.0 per tutti coloro che si avvicinano alle applicazioni di tecniche e metodologie della Mass Customization and Tailoring in contesti INDUSTRY 4.0.<\/p>\n<p><strong>2 CONFIGURATORI sviluppati rispettivamente dalle due universit\u00e0 di Bolzano e Klagenfurt<br \/>\n<\/strong><\/p>\n<p>I due configuratori denominati \u201cCHOOSE YOUR CLIMATE SYSTEM\u201d e \u201cTHE DOMOTIC SYSTEM FOR YOU\u201d costituiscono per gli utenti privati uno dei principali attrattori ad entrare nella PIATTAFORMA MC 4.0 ed esplorare i servizi previsti. Con l\u2019uso dei CONFIGURATORI un qualsiasi cittadino potr\u00e0 trovare soluzioni consigliate, in funzione delle sue esigenze abitative, sia in termini di CLIMATIZZAZIONE che di DOMOTICA. Baster\u00e0 impostare le caratteristiche dei locali, il confort abitativo desiderato e la fascia di costo dell\u2019investimento, che si vuole effettuare.<\/p>\n<h2><strong>BASE DI CONOSCENZA<\/strong><\/h2>\n<p><strong>Rapporto sulla valutazione delle 120 imprese esaminate<br \/>\n<\/strong><\/p>\n<p>Rapporto sullo stato di applicazione MC 4.0 presso le PMI a livello transfrontaliero. Il rapporto contiene anche raccomandazioni di indirizzo per le aziende per superare i gap in termini di skill, tecnologie ed organizzazione.<\/p>\n<p><strong>Cluster attorno ai due MC DEA CENTER<\/strong><\/p>\n<p>Due nuove filiere MC 4.0 di imprese (relative ai cluster di Vicenza e di Klagenfurt), afferenti al settore SMART LIVING, verranno animati dai DEA Center.<\/p>\n<p><strong>Guida MC 4.0 per le PMI<br \/>\n<\/strong><\/p>\n<p>La guida MC 4.0 in formato elettronico sar\u00e0 strutturata in due parti.<\/p>\n<p>La prima parte, pi\u00f9 generale, spiegher\u00e0 l\u2019approccio MC 4.0 ossia la capacit\u00e0 di offrire in modo digitale, efficiente e veloce prodotti tarati sulle specifiche necessit\u00e0 dei clienti. Definir\u00e0 le principali leve MC 4.0 quali modularit\u00e0, standardizzazione componenti, etc. Spiegher\u00e0 il ruolo chiave dei CONFIGURATORI, una tecnologia che digitalizza il processo di personalizzazione avvicinando il cliente all\u2019azienda. Fornir\u00e0 anche una panoramica dell\u2019utilizzo delle leve MC 4.0, inclusi i configuratori, nelle PMI dello SMART LIVING.<\/p>\n<p>La seconda parte, pi\u00f9 specialistica, presenta degli strumenti di autovalutazione sviluppati per una valutazione approfondita dell\u2019idoneit\u00e0 della PMI all\u2019adozione dei configuratori. Essa presenter\u00e0 l\u2019uso integrato dei tool, una sorta di navigatore per un approccio MC 4.0 basato sui configuratori.<\/p>\n<p><strong>Report transfrontaliero sulle caratteristiche da ricercare nei configuratori per le PMI del settore SMART LIVING<\/strong><\/p>\n<p>Il completamento della base di conoscenza necessaria per poter dare delle indicazioni di riferimento specifiche sulle caratteristiche da ricercare nei configuratori per le PMI del settore SMART LIVING operanti nell\u2019area programma si avr\u00e0 con la redazione di uno specifico report transfrontaliero.<\/p>\n<p>Quanto riportato nel report deriver\u00e0 in particolare dall\u2019analisi e comparazione dei 34 rapporti di valutazioni stilati in seguito ai 34 test e dall\u2019analisi dei risultati delle 120 visite effettuate in WP3.<\/p>\n<p>Le informazioni raccolte dalle visite preliminari e dai test saranno complementate con letteratura accademica e con l\u2019opinione di esperti anche esterni al partenariato.<\/p>\n<p><strong>Descrizione di due figure professionali Tecnico Manageriali: USER INTERFACE EXPERT FOR CONFIGURATORS e CONFIGURATION MANAGER<br \/>\n<\/strong><\/p>\n<p>Verranno definite e progettate attivit\u00e0 formative MC 4.0 e dei percorsi per il riconoscimento di specifiche competenze tecnico-manageriali di USER INTERFACE EXPERT FOR CONFIGURATORS e CONFIGURATION MANAGER, ritenute vere e proprie chiavi per la crescita delle PMI in ambito MC 4.0. Al fine di agevolare il percorso formativo e il raffronto con sistemi formativi diversi, gli standard professionali verranno esplicitati con descrittori comuni. Gli standard saranno comprensibili e spendibili in contesti lavorativi di altri sistemi e verr\u00e0 facilitato il trasferimento dei risultati da un sistema all\u2019altro.<\/p>\n","protected":false},"excerpt":{"rendered":"<p>I principali risultati del Progetto sono elencati di sotto con l\u2019indicazione se gi\u00e0 disponibili o del periodo in cui saranno realizzati. I risultati costituiti da studi e ricerche saranno resi &#8230; <a title=\"Risultati attesi\" class=\"read-more\" href=\"https:\/\/www.mc40.eu\/index.php\/il-progetto\/risultati-del-progetto\/\" aria-label=\"Read more about Risultati attesi\">Read more<\/a><\/p>\n","protected":false},"author":3,"featured_media":0,"parent":87,"menu_order":0,"comment_status":"closed","ping_status":"closed","template":"","meta":{"footnotes":""},"class_list":["post-163","page","type-page","status-publish"],"_links":{"self":[{"href":"https:\/\/www.mc40.eu\/index.php\/wp-json\/wp\/v2\/pages\/163","targetHints":{"allow":["GET"]}}],"collection":[{"href":"https:\/\/www.mc40.eu\/index.php\/wp-json\/wp\/v2\/pages"}],"about":[{"href":"https:\/\/www.mc40.eu\/index.php\/wp-json\/wp\/v2\/types\/page"}],"author":[{"embeddable":true,"href":"https:\/\/www.mc40.eu\/index.php\/wp-json\/wp\/v2\/users\/3"}],"replies":[{"embeddable":true,"href":"https:\/\/www.mc40.eu\/index.php\/wp-json\/wp\/v2\/comments?post=163"}],"version-history":[{"count":10,"href":"https:\/\/www.mc40.eu\/index.php\/wp-json\/wp\/v2\/pages\/163\/revisions"}],"predecessor-version":[{"id":511,"href":"https:\/\/www.mc40.eu\/index.php\/wp-json\/wp\/v2\/pages\/163\/revisions\/511"}],"up":[{"embeddable":true,"href":"https:\/\/www.mc40.eu\/index.php\/wp-json\/wp\/v2\/pages\/87"}],"wp:attachment":[{"href":"https:\/\/www.mc40.eu\/index.php\/wp-json\/wp\/v2\/media?parent=163"}],"curies":[{"name":"wp","href":"https:\/\/api.w.org\/{rel}","templated":true}]}}