{"id":212,"date":"2021-01-20T10:57:15","date_gmt":"2021-01-20T09:57:15","guid":{"rendered":"https:\/\/www.mc40.eu\/?page_id=212"},"modified":"2021-01-20T10:58:47","modified_gmt":"2021-01-20T09:58:47","slug":"stiftung-centro-produttivita-veneto-cpv","status":"publish","type":"page","link":"https:\/\/www.mc40.eu\/index.php\/language\/de\/partner-2\/stiftung-centro-produttivita-veneto-cpv\/","title":{"rendered":"Stiftung Centro Produttivit\u00e0 Veneto (CPV)"},"content":{"rendered":"<p><img loading=\"lazy\" decoding=\"async\" class=\"alignnone wp-image-214\" src=\"https:\/\/www.mc40.eu\/wp-content\/uploads\/2021\/01\/LOGO.CPV_-300x59.png\" alt=\"\" width=\"239\" height=\"47\" srcset=\"https:\/\/www.mc40.eu\/wp-content\/uploads\/2021\/01\/LOGO.CPV_-300x59.png 300w, https:\/\/www.mc40.eu\/wp-content\/uploads\/2021\/01\/LOGO.CPV_-1024x200.png 1024w, https:\/\/www.mc40.eu\/wp-content\/uploads\/2021\/01\/LOGO.CPV_-768x150.png 768w, https:\/\/www.mc40.eu\/wp-content\/uploads\/2021\/01\/LOGO.CPV_-1536x300.png 1536w, https:\/\/www.mc40.eu\/wp-content\/uploads\/2021\/01\/LOGO.CPV_.png 1984w\" sizes=\"auto, (max-width: 239px) 100vw, 239px\" \/><\/p>\n<p>Die Stiftung Centro Produttivit\u00e0 Veneto (CPV) entsteht 1955 als Vereinigung \u00f6ffentlicher und privater Einrichtungen. Ihr Ziel ist die Steigerung der Produktivit\u00e4t durch die Bewerbung der neuesten Produktionstechnologien und Ma\u00dfnahmen zur Unternehmensorganisation. Dabei f\u00f6rdert sie folgende Aktivit\u00e4ten:<\/p>\n<p>&#8211; BILDUNG: Die Stiftung verf\u00fcgt \u00fcber tiefgreifende Expertise in Bezug auf die Planung und Umsetzung privater und finanzierter Weiterbildungsma\u00dfnahmen f\u00fcr Unternehmen, Jugendliche, Erwachsene und benachteiligte Personen.<\/p>\n<p>&#8211; Sie beherbergt das Patentinformationszentrum (PATLIB), bietet Beratungen zur TRIZ-Methode und dem Kaizen-Verfahren an<\/p>\n<p>&#8211; Sie leitet TMD Demotech, das Zentrum f\u00fcr den Technologietransfer in Schio (VI) sowie das didaktische Labor FabLab Vicenza in Zusammenarbeit mit einigen lokalen Vereinigungen in der Region.<\/p>\n<p>Seit ihrer Gr\u00fcndung legt die CPV ihren Schwerpunkt auf grenz\u00fcbergreifende Ma\u00dfnahmen zur F\u00f6rderung, Planung und Umsetzung finanzierter Initiativen in den Bereichen der europ\u00e4ischen Entwicklung, Innovation, Bildung und territorialen Zusammenarbeit. Dabei verf\u00fcgt die Organisation \u00fcber langj\u00e4hrige Erfahrung im Bereich der Planung auf europ\u00e4ischer Ebene, u.a. als F\u00f6rderin, Koordinatorin und Partnerin im Rahmen verschiedener sektoralen Projekte. Sie beweist Verwaltungskapazit\u00e4t bei europ\u00e4ischen Projekten, die durch direkte Finanzierung bzw. Strukturfondsmittel gef\u00f6rdert wurden. Das B\u00fcro f\u00fcr internationale Beziehungen verf\u00fcgt \u00fcber 2 Vollzeit-Mitarbeiter und administrative Unterst\u00fctzung, sodass es in Bezug auf Quantit\u00e4t und Kompetenz eine gute operative Kapazit\u00e4t vorweisen kann. CPV nimmt seit Jahrzehnten an europ\u00e4ischen Projekten \u00fcber zahlreiche Initiativen und Programme teil, wie ADAPT (1994-1999), Interreg Central Europe, Leonardo da Vinci, Grundtvig, Equal (2007-2013) und das aktuelle Programm Erasmus+ und tritt f\u00fcr ein beim ersten Aufruf in der Achse 1 gef\u00f6rdertes Projekt Italien-\u00d6sterreich federf\u00fchrend auf.<\/p>\n","protected":false},"excerpt":{"rendered":"<p>Die Stiftung Centro Produttivit\u00e0 Veneto (CPV) entsteht 1955 als Vereinigung \u00f6ffentlicher und privater Einrichtungen. Ihr Ziel ist die Steigerung der Produktivit\u00e4t durch die Bewerbung der neuesten Produktionstechnologien und Ma\u00dfnahmen zur &#8230; <a title=\"Stiftung Centro Produttivit\u00e0 Veneto (CPV)\" class=\"read-more\" href=\"https:\/\/www.mc40.eu\/index.php\/language\/de\/partner-2\/stiftung-centro-produttivita-veneto-cpv\/\" aria-label=\"Read more about Stiftung Centro Produttivit\u00e0 Veneto (CPV)\">Read more<\/a><\/p>\n","protected":false},"author":3,"featured_media":0,"parent":185,"menu_order":0,"comment_status":"closed","ping_status":"closed","template":"","meta":{"footnotes":""},"class_list":["post-212","page","type-page","status-publish"],"_links":{"self":[{"href":"https:\/\/www.mc40.eu\/index.php\/wp-json\/wp\/v2\/pages\/212","targetHints":{"allow":["GET"]}}],"collection":[{"href":"https:\/\/www.mc40.eu\/index.php\/wp-json\/wp\/v2\/pages"}],"about":[{"href":"https:\/\/www.mc40.eu\/index.php\/wp-json\/wp\/v2\/types\/page"}],"author":[{"embeddable":true,"href":"https:\/\/www.mc40.eu\/index.php\/wp-json\/wp\/v2\/users\/3"}],"replies":[{"embeddable":true,"href":"https:\/\/www.mc40.eu\/index.php\/wp-json\/wp\/v2\/comments?post=212"}],"version-history":[{"count":3,"href":"https:\/\/www.mc40.eu\/index.php\/wp-json\/wp\/v2\/pages\/212\/revisions"}],"predecessor-version":[{"id":216,"href":"https:\/\/www.mc40.eu\/index.php\/wp-json\/wp\/v2\/pages\/212\/revisions\/216"}],"up":[{"embeddable":true,"href":"https:\/\/www.mc40.eu\/index.php\/wp-json\/wp\/v2\/pages\/185"}],"wp:attachment":[{"href":"https:\/\/www.mc40.eu\/index.php\/wp-json\/wp\/v2\/media?parent=212"}],"curies":[{"name":"wp","href":"https:\/\/api.w.org\/{rel}","templated":true}]}}