{"id":224,"date":"2021-01-20T12:39:15","date_gmt":"2021-01-20T11:39:15","guid":{"rendered":"https:\/\/www.mc40.eu\/?page_id=224"},"modified":"2021-01-20T12:39:33","modified_gmt":"2021-01-20T11:39:33","slug":"selectionarts-intelligent-decision-technologies-gmbh","status":"publish","type":"page","link":"https:\/\/www.mc40.eu\/index.php\/language\/de\/partner-2\/selectionarts-intelligent-decision-technologies-gmbh\/","title":{"rendered":"SelectionArts Intelligent Decision Technologies GmbH"},"content":{"rendered":"<p>Die Gesellschaft SelectionArts entstand 2013 als Spin-off der Technischen Universit\u00e4t Graz. Sie besch\u00e4ftigt sich vor allem mit der Entwicklung von K\u00fcnstlichen Intelligenzsystemen (KI) zur Steigerung der Produktivit\u00e4t in vielen Betriebsprozessen wie Marketing, Vertrieb und Produktion. Sie hat an wichtigen Projekten mit bekannten \u00f6sterreichischen Firmen mitgewirkt (z.B. W\u00fcstenrot, Fundamenta, Stadt Villach). Viele der Projekte von SelectionArts wurden im Rahmen von europ\u00e4ischen oder nationalen Forschungsprojekten und in Zusammenarbeit mit internationalen Unternehmen und Forschungsinstituten entwickelt Die Forschungskompetenz von SelectionArts wurde durch einen Anerkennungspreis des Houska Awards 2014 honoriert. Die spezifische Kompetenz von SelectionArts in Recommender \/ Configurator-Technologien machen sie zu einer Firma mit besten technischen F\u00e4higkeiten zur Umsetzung des Konfigurators \u201eThe Domotic System 4 You\u201c.<\/p>\n<p>SelectionArts Intelligent Decision Technologies GmbH NIMMT AM PROJEKT MIT DER NIEDERLASSUNG KLAGENFURT, Messnerstra\u00dfe 24\/1 teil, die alle vorgesehenen T\u00e4tigkeiten durchf\u00fchrt.<\/p>\n<p>Administrativ und finanziell ist SelectionArts in der Lage, das zugewiesene Budget zu verwalten und verf\u00fcgt \u00fcber die notwendigen Kompetenzen und Kenntnisse, um die Projektspesen separat zu managen und das Budget zu kontrollieren und effizient zu verwalten.<\/p>\n","protected":false},"excerpt":{"rendered":"<p>Die Gesellschaft SelectionArts entstand 2013 als Spin-off der Technischen Universit\u00e4t Graz. Sie besch\u00e4ftigt sich vor allem mit der Entwicklung von K\u00fcnstlichen Intelligenzsystemen (KI) zur Steigerung der Produktivit\u00e4t in vielen Betriebsprozessen &#8230; <a title=\"SelectionArts Intelligent Decision Technologies GmbH\" class=\"read-more\" href=\"https:\/\/www.mc40.eu\/index.php\/language\/de\/partner-2\/selectionarts-intelligent-decision-technologies-gmbh\/\" aria-label=\"Read more about SelectionArts Intelligent Decision Technologies GmbH\">Read more<\/a><\/p>\n","protected":false},"author":3,"featured_media":0,"parent":185,"menu_order":0,"comment_status":"closed","ping_status":"closed","template":"","meta":{"footnotes":""},"class_list":["post-224","page","type-page","status-publish"],"_links":{"self":[{"href":"https:\/\/www.mc40.eu\/index.php\/wp-json\/wp\/v2\/pages\/224","targetHints":{"allow":["GET"]}}],"collection":[{"href":"https:\/\/www.mc40.eu\/index.php\/wp-json\/wp\/v2\/pages"}],"about":[{"href":"https:\/\/www.mc40.eu\/index.php\/wp-json\/wp\/v2\/types\/page"}],"author":[{"embeddable":true,"href":"https:\/\/www.mc40.eu\/index.php\/wp-json\/wp\/v2\/users\/3"}],"replies":[{"embeddable":true,"href":"https:\/\/www.mc40.eu\/index.php\/wp-json\/wp\/v2\/comments?post=224"}],"version-history":[{"count":1,"href":"https:\/\/www.mc40.eu\/index.php\/wp-json\/wp\/v2\/pages\/224\/revisions"}],"predecessor-version":[{"id":225,"href":"https:\/\/www.mc40.eu\/index.php\/wp-json\/wp\/v2\/pages\/224\/revisions\/225"}],"up":[{"embeddable":true,"href":"https:\/\/www.mc40.eu\/index.php\/wp-json\/wp\/v2\/pages\/185"}],"wp:attachment":[{"href":"https:\/\/www.mc40.eu\/index.php\/wp-json\/wp\/v2\/media?parent=224"}],"curies":[{"name":"wp","href":"https:\/\/api.w.org\/{rel}","templated":true}]}}