{"id":353,"date":"2021-11-02T12:27:33","date_gmt":"2021-11-02T11:27:33","guid":{"rendered":"https:\/\/www.mc40.eu\/?page_id=353"},"modified":"2021-11-02T14:36:38","modified_gmt":"2021-11-02T13:36:38","slug":"finanzierungsinformationen","status":"publish","type":"page","link":"https:\/\/www.mc40.eu\/index.php\/language\/de\/das-projekt\/finanzierungsinformationen\/","title":{"rendered":"Finanzierungsinformationen"},"content":{"rendered":"<p>INTERREG Projekt Italia Austria 2014 &#8211; 2020<\/p>\n<p>Gef\u00f6rdert durch den Europ\u00e4ischen Fonds f\u00fcr regionale Entwicklung (EFRE)Interreg V-A Italia-Austria 2014-2020<\/p>\n<p>Akronym MC 4.0<\/p>\n<p>Projekttitel Mass Customization 4.0 \u2013 Entwicklung und Verbreitung von Kompetenzen und Werkzeugen der Mass Customization und Tailoring f\u00fcr KMU des Smart-Living<\/p>\n<p>Dauer 32 Monate<\/p>\n<p>Beginn 01\/09\/2019<\/p>\n<p>Ende 30\/11\/2021<\/p>\n<p>Priorit\u00e4tsachse 1 &#8211; Forschung und Innovation<\/p>\n<p>Thematisches Ziel 1 &#8211; St\u00e4rkung von Forschung, technologischer Entwicklung und Innovation<\/p>\n<p>Investitionspriorit\u00e4t 1b &#8211; F\u00f6rderung von Investitionen der Unternehmen in F&amp;I, Aufbau von Verbindungen und Synergien zwischen Unternehmen, Forschungs- und Entwicklungszentren und dem Hochschulsektor<\/p>\n<p>Spezifisches Ziel 3 &#8211; Verbesserung der Innovationsbasis f\u00fcr Unternehmen im Programmgebiet<\/p>\n<p>Ma\u00dfnahme 8 &#8211; Dienstleistungen f\u00fcr wissensbasierte Unternehmen<\/p>\n<p>Aufruf Interreg V-A Italien-\u00d6sterreich &#8211; Aufruf 2018<\/p>\n<p>Projektnummer ITAT1057<\/p>\n<p>FINANZIELLE UNTERST\u00dcTZUNG AUS DEM EU-EFRE 860.931,51 \u20ac<\/p>\n<p>NATIONALE FINANZIELLE UNTERST\u00dcTZUNG 151.929,09 \u20ac<\/p>\n<p>GESAMTBUDGET DES PROJEKTS 1.012.860,60 \u20ac<\/p>\n<p>Partnerfinanzierung<\/p>\n<p>Rolle\u00a0 \u00a0 \u00a0 \u00a0Gebiet\u00a0 \u00a0 Partner\u00a0 \u00a0 \u00a0 \u00a0 \u00a0 \u00a0 \u00a0 \u00a0 \u00a0 \u00a0 \u00a0 \u00a0 \u00a0EU-Mittel (EFRE)<\/p>\n<p>LP\u00a0\u00a0\u00a0\u00a0\u00a0\u00a0\u00a0\u00a0\u00a0\u00a0 VEN \u00a0\u00a0\u00a0\u00a0\u00a0 Apindustria Vicenza\u00a0 &#8211; 162.110,98 \u20ac<\/p>\n<p>PP1\u00a0\u00a0\u00a0\u00a0\u00a0\u00a0\u00a0 IT\u00a0\u00a0\u00a0\u00a0\u00a0\u00a0\u00a0\u00a0\u00a0\u00a0 Universit\u00e0 degli Studi di Padova\u00a0 &#8211; 136.494,70 \u20ac<\/p>\n<p>PP2\u00a0\u00a0\u00a0\u00a0\u00a0\u00a0\u00a0 VEN \u00a0\u00a0\u00a0\u00a0\u00a0 Fondazione Centro Produttivit\u00e0 Veneto &#8211; 121.568,70 \u20ac<\/p>\n<p>PP3\u00a0\u00a0\u00a0\u00a0\u00a0\u00a0\u00a0 BLZ\u00a0\u00a0\u00a0\u00a0\u00a0\u00a0\u00a0 Libera Universit\u00e0 di Bolzano &#8211; 119.061,20 \u20ac<\/p>\n<p>PP4\u00a0\u00a0\u00a0\u00a0\u00a0\u00a0\u00a0 FVG\u00a0\u00a0\u00a0\u00a0\u00a0\u00a0\u00a0 ROEN EST SPA &#8211; 42.695,84 \u20ac<\/p>\n<p>PP5\u00a0\u00a0\u00a0\u00a0\u00a0\u00a0\u00a0 KAR\u00a0\u00a0\u00a0\u00a0\u00a0\u00a0\u00a0 Universit\u00e4t Klagenfurt &#8211; 127.982,29 \u20ac<\/p>\n<p>PP6\u00a0\u00a0\u00a0\u00a0\u00a0\u00a0\u00a0 KAR\u00a0\u00a0\u00a0\u00a0\u00a0\u00a0\u00a0 SelectionArts Intelligent Decision Technologies GmbH &#8211; 57.517,80 \u20ac<\/p>\n<p>PP7\u00a0\u00a0\u00a0\u00a0\u00a0\u00a0\u00a0 KAR\u00a0\u00a0\u00a0\u00a0\u00a0\u00a0\u00a0 Energieforum K\u00e4rnten &#8211; 93.500,00 \u20ac<\/p>\n","protected":false},"excerpt":{"rendered":"<p>INTERREG Projekt Italia Austria 2014 &#8211; 2020 Gef\u00f6rdert durch den Europ\u00e4ischen Fonds f\u00fcr regionale Entwicklung (EFRE)Interreg V-A Italia-Austria 2014-2020 Akronym MC 4.0 Projekttitel Mass Customization 4.0 \u2013 Entwicklung und Verbreitung &#8230; <a title=\"Finanzierungsinformationen\" class=\"read-more\" href=\"https:\/\/www.mc40.eu\/index.php\/language\/de\/das-projekt\/finanzierungsinformationen\/\" aria-label=\"Read more about Finanzierungsinformationen\">Read more<\/a><\/p>\n","protected":false},"author":3,"featured_media":17,"parent":183,"menu_order":0,"comment_status":"closed","ping_status":"closed","template":"","meta":{"footnotes":""},"class_list":["post-353","page","type-page","status-publish","has-post-thumbnail"],"_links":{"self":[{"href":"https:\/\/www.mc40.eu\/index.php\/wp-json\/wp\/v2\/pages\/353","targetHints":{"allow":["GET"]}}],"collection":[{"href":"https:\/\/www.mc40.eu\/index.php\/wp-json\/wp\/v2\/pages"}],"about":[{"href":"https:\/\/www.mc40.eu\/index.php\/wp-json\/wp\/v2\/types\/page"}],"author":[{"embeddable":true,"href":"https:\/\/www.mc40.eu\/index.php\/wp-json\/wp\/v2\/users\/3"}],"replies":[{"embeddable":true,"href":"https:\/\/www.mc40.eu\/index.php\/wp-json\/wp\/v2\/comments?post=353"}],"version-history":[{"count":11,"href":"https:\/\/www.mc40.eu\/index.php\/wp-json\/wp\/v2\/pages\/353\/revisions"}],"predecessor-version":[{"id":365,"href":"https:\/\/www.mc40.eu\/index.php\/wp-json\/wp\/v2\/pages\/353\/revisions\/365"}],"up":[{"embeddable":true,"href":"https:\/\/www.mc40.eu\/index.php\/wp-json\/wp\/v2\/pages\/183"}],"wp:featuredmedia":[{"embeddable":true,"href":"https:\/\/www.mc40.eu\/index.php\/wp-json\/wp\/v2\/media\/17"}],"wp:attachment":[{"href":"https:\/\/www.mc40.eu\/index.php\/wp-json\/wp\/v2\/media?parent=353"}],"curies":[{"name":"wp","href":"https:\/\/api.w.org\/{rel}","templated":true}]}}